
Let a(c) = 6*c**2 + 7*c + 7. Let n(k) = 7*k**2 + 7*k + 7. Let r(w) = 6*a(w) - 5*n(w). Let o(f) = -f**2 - 9*f + 16. Let q be o(-11). Give r(q).
1
Let a(d) = -2*d + 9. Let z be a(8). Let r(i) = i**2 + 5*i - 12. Let b(y) = 1. Let m(n) = -4*b(n) - r(n). Let f be m(z). Let w(g) = -g**2 - 6*g + 2. Give w(f).
2
Let u(c) = -2*c + c + 0*c - 3. Let l be u(-7). Let f(v) = -l - 4 - v**2 - v + 0. Determine f(0).
-8
Let f(z) = -10*z**2 + 8*z + 16. Let j(v) = 3*v**2 - 3*v - 5. Let h(u) = -2*f(u) - 7*j(u). Let x be (-4)/6 + (-9)/(27/(-20)). What is h(x)?
-3
Let a = 14 + -21. Let l = -5 - a. Suppose -l = -4*d + 6. Let o(v) = -3*v - 2. What is o(d)?
-8
Let x be 1*-2*3/(-2). Let u = x + 9. Suppose -2*v = -5*v + u. Let o(q) = q**3 - 4*q**2 + q - 3. What is o(v)?
1
Suppose 5*x - 22 = 4*p, -x + 8 = -3*x - 4*p. Suppose z = -1, 1 = x*t - 5*z + 2. Let a(s) = -2 + 3*s**2 - 2*s**2 + s - 2. Calculate a(t).
2
Let d(c) = 6*c - 3. Let l(j) = -7*j + 3. Let p(r) = 3*d(r) + 2*l(r). Give p(4).
13
Let t(d) = -2*d**3 - 3*d**2 - 2*d - 2. Let r(a) = a**3 - 4*a**2 - 4*a - 7. Let i be r(5). Calculate t(i).
6
Suppose -o + 5 = 35. Let g be (18/o)/((-2)/10). Let i(b) = -b - 3. Calculate i(g).
-6
Let v(t) = t**3 - 5*t**2 - 6*t + 3. Suppose c + 4*p - p - 14 = 0, p = -2*c + 8. Suppose 3*k - m - 2*m = 15, c*m - 8 = -k. Give v(k).
3
Let a(g) = -2*g**2 - 2*g + 8. Let y(x) = -3*x**2 - 3*x + 12. Let v(q) = 7*a(q) - 5*y(q). Calculate v(3).
8
Let o(p) = 6*p + 13*p - 28*p. Calculate o(1).
-9
Let b(z) = -z + 1 + 6*z**3 - 3*z + 5*z. Calculate b(-1).
-6
Let l(q) be the third derivative of q**5/60 + 31*q**2. Determine l(-2).
4
Let w(d) be the first derivative of 2 - 7*d + 3/2*d**2. What is w(5)?
8
Let m(z) be the second derivative of z**4/12 - 2*z**3/3 + 2*z. Give m(4).
0
Let s(o) = 130*o**2 - 62*o**2 + 12 - 69*o**2. Determine s(0).
12
Suppose -3*m - 3*w = 6, w + 13 = -4*m - 1. Let p(y) = -1 - 2 - y**3 - 10*y**2 - y + 6*y**2. What is p(m)?
1
Let c(s) = -s - 2. Let t(i) = i + 2. Let v be -1 + (36/(-3))/(-3). Let o = 2 - -2. Let l(d) = o*c(d) + v*t(d). Give l(2).
-4
Let m(r) be the third derivative of -r**6/120 + r**5/10 - r**4/4 - r**3/3 + 7*r**2. What is m(5)?
-7
Let v = 20 + -19. Let c(q) = 6*q**3 + 2*q - 1. Calculate c(v).
7
Let t(n) = -5*n**2 + 3*n**3 + 1 + 4*n**2 - 12*n**3. Let b(i) be the third derivative of i**5/60 - 7*i**4/24 + i**3/6 + 2*i**2. Let o be b(7). Determine t(o).
-9
Let d(q) = q + 1. Suppose -c = -4*j + 17, -4*j + 2*c - 3*c + 23 = 0. Determine d(j).
6
Let l(k) = -3*k - 13. Let c(a) = -4*a - 20. Let y(r) = 5*c(r) - 7*l(r). Calculate y(0).
-9
Let w(c) = c**3 - c. Let v be ((-30)/18)/((-1)/3). Suppose 0 = -2*u + 3 - v. Give w(u).
0
Let n(z) = -3*z - 19 + 20 + z**2 - 3*z + z. Let w be (-14)/(-4) + (-3)/(-6). Give n(w).
-3
Let w(f) be the third derivative of f**8/20160 + f**7/5040 - f**6/720 - f**5/60 - 4*f**2. Let r(z) be the third derivative of w(z). What is r(-2)?
1
Let j(k) be the first derivative of -7/3*k**3 - 2 - 7*k - 1/4*k**4 - 7/2*k**2. Give j(-6).
-1
Let o(d) = d - 1. Let q(z) = -5*z + 5. Let g(c) = 2*o(c) + q(c). What is g(5)?
-12
Let x = -4 - -2. Let b be ((-3)/6)/(1/x). Let y(m) = -m + 2 + 0 - 1 + 0. Give y(b).
0
Let n(u) = -5*u**3 - 5*u**2 - 7*u - 7. Let y(i) = -4*i**3 - 4*i**2 - 6*i - 6. Let r(z) = -5*n(z) + 6*y(z). Let o be (-27)/21 + (-6)/(-21). What is r(o)?
0
Let a(c) be the third derivative of -c**4/2 - c**3/6 - c**2. Suppose -2*s - 12 = 2*m + 3*s, 10 = -5*s. Calculate a(m).
11
Let o(q) be the second derivative of 2*q + 1/12*q**4 - 2*q**2 + 0 + 1/6*q**3. Give o(0).
-4
Let w(k) = -3*k**2 - k. Let m(t) = -t**3 - 7*t**2 - 8*t. Let z be m(-6). Let r be (-6)/4*z/18. Calculate w(r).
-2
Let w(n) = -4*n**2 + 10*n**2 + 7*n - 7*n**2 + 1. What is w(6)?
7
Let k(q) be the second derivative of -5*q**4/12 + q**2/2 + 5*q. Calculate k(-1).
-4
Let h = -6 + 13. Let r = -7 - -3. Let s = r + h. Let n(c) = -c**2 + 4*c. Calculate n(s).
3
Suppose u = 13 - 3. Let d = u - 5. Let p(w) = -w**3 + 6*w**2 - 6*w + 2. Give p(d).
-3
Let z(r) = -r**3 - 105 + 108 - r**2 + 5*r**2. Suppose -1 + 4 = c. Suppose 1 = w - c. Calculate z(w).
3
Let p be 2 - (-16 - (-4 + 1)). Let d(f) = -17*f + 3 + p*f - 1. Determine d(2).
-2
Let u be 1*(-3 + 11)/(-4). Let c(r) = -6*r + 2. Determine c(u).
14
Let t(y) = 3*y**3 - y**2 - 3*y + 2. Suppose -13*l = -6*l - 14. Give t(l).
16
Let i = -2 + -14. Let w be (-1 + i/(-6))*3. Let g(f) be the second derivative of f**5/20 - f**4/2 + 7*f**3/6 - 3*f**2/2 - f. What is g(w)?
7
Let q(i) = -2 + 3 - 9*i - 2. Let s(a) = a - 4. Let d be s(5). Let z = d + -2. Calculate q(z).
8
Let t(x) = x**3 - 3*x**2 - x + 2. Suppose -3*m + 2 + 31 = 0. Let z = m - 8. Determine t(z).
-1
Let b(l) = l**2 - l - 2. Let c be b(3). Let q = c - 0. Let z(a) be the first derivative of -a**4/4 + 4*a**3/3 + 3*a**2/2 - 6*a - 2. Calculate z(q).
6
Let i(f) = f**3 + 8*f**2 - 10*f - 13. Let n(l) = -l - 16. Let h be n(-7). Let p be i(h). Let t(g) = -3 - g**3 - g + 0*g**3 + 2 - 4*g**2. Determine t(p).
3
Let h = 2 - 1. Let w(y) = 8*y**3 + 5*y**2 + 5*y - 5. Let f(d) = 4*d**3 + 3*d**2 + 3*d - 3. Let q = -12 - -5. Let p(c) = q*f(c) + 4*w(c). Determine p(h).
3
Let l(m) = -13*m. Let k(n) = -3*n. Let a(t) = 18*k(t) - 4*l(t). Let z be a(-2). Let q(j) = -j**2 + 2*j + 5. Let y be q(z). Let b(h) = -h - 1. What is b(y)?
2
Let s be -4 + 3 + 0 + 1. Let x(i) = -i**2 + s*i**2 - 109 + 109. Calculate x(-2).
-4
Let w(v) be the first derivative of v**7/840 - v**6/90 + v**5/60 - v**4/6 - 4*v**3/3 + 5. Let n(i) be the third derivative of w(i). Determine n(3).
-7
Let m(h) = -h + 18*h**3 - 17*h**3 + 1 - 2 + 4*h**2. What is m(-4)?
3
Let a(o) = o - 6. Let r be -9 - 12/(6/(-2)). Calculate a(r).
-11
Suppose 4*v - 2*v = 0. Let a(k) = k**2 - 3. Calculate a(v).
-3
Let f(k) = 3*k - 6. Let c(x) = x**3 + 17*x**2 + 15*x - 12. Let y be c(-16). What is f(y)?
6
Suppose 5*b - 28 + 8 = -g, 4*b + 5*g = 37. Let z(k) = -k + b - 5 - 4 + 3. Determine z(-3).
0
Let t(v) be the third derivative of v**6/120 + 7*v**5/60 - v**4/3 + v**3 - 19*v**2. Give t(-8).
6
Let y be (-1 - 0)/(3 + -4). Suppose -o + 0 = -y. Let t(r) = 8*r**2 - 1. Determine t(o).
7
Let y(o) = -3*o. Let d(r) = 3*r**3 + r**2 - r - 4. Let x(f) = f**3 - f**2. Let a(t) = -d(t) + 2*x(t). Let h be a(-2). What is y(h)?
6
Let d(f) be the second derivative of -f**6/240 + f**5/20 + f**4/12 - 8*f. Let r(s) be the third derivative of d(s). Let g be ((-3)/(-1))/((-6)/(-8)). Give r(g).
-6
Let z = 50 - 49. Let f(g) = -6*g**2. Calculate f(z).
-6
Suppose -11 = 5*w + 14. Let j(t) = -7*t - 10. Let r(s) be the second derivative of 4*s**3/3 + 11*s**2/2 - 2*s. Let n(m) = -6*j(m) - 5*r(m). Determine n(w).
-5
Let f(l) = 6*l - 12. Let c(d) = 7*d - 13. Let r(o) = 5*c(o) - 6*f(o). Give r(3).
4
Let k(c) = 2*c + 3 - 2*c + c + 1. Calculate k(-6).
-2
Let v(s) = -s**2 - s - 1. Suppose -2*w + 3*q = 2*q, 2*w - 2*q = 0. Calculate v(w).
-1
Let l be (-4)/(-20) - (-42)/(-10). Let m(d) = -d**3 - 4*d**2 + 3*d + 5. Determine m(l).
-7
Suppose -4*g - 3 = 5. Let s(c) be the first derivative of c**6/360 + c**5/60 + c**4/24 - c**3/3 + 2. Let m(p) be the third derivative of s(p). Give m(g).
1
Let s(y) = -y**2 + 5*y - 6. Let o(n) = -n**2 + 6*n - 5. Let a(r) = -4*o(r) + 5*s(r). Give a(0).
-10
Let c(z) be the first derivative of 5 + 7*z - 2*z**3 - 1/2*z**2 + 1/4*z**4. Give c(6).
1
Suppose 2*b + 2*l - 6 = 0, -l - 8 = 4*b - 23. Let p be 1/1*(1 - b). Let m(w) be the second derivative of -w**4/12 - 5*w**3/6 - w**2 - w. Calculate m(p).
4
Let r(k) = k - 10. Let u be r(8). Let i(c) be the second derivative of c**5/20 + c**4/6 - c**3/6 - c**2/2 + 2*c. Determine i(u).
1
Let w(x) = -x - 12. Let u(h) = h + 13. Let k(t) = -5*u(t) - 6*w(t). Calculate k(-5).
2
Let c(h) = 5 + 2*h - 3*h + 0. Let o be c(7). Let r(l) be the third derivative of -l**5/60 - l**4/24 + l**3/6 - l**2. Determine r(o).
-1
Let a(b) = -115 - 5*b**2 + 6*b**2 + 3*b + 116. Determine a(-4).
5
Let g(s) = -2*s - 2*s - 4 + 3*s - 2*s. Let z = 2 - 6. Give g(z).
8
Let b(u) = u - 6. Let c(i) = i - 6. Let o(h) = 5*b(h) - 4*c(h). Calculate o(-6).
-12
Let v(d) = -20*d - 4. Let o(a) = 14*a + 3. Let p(m) = -7*o(m) - 5*v(m). Calculate p(-4).
-9
Let j = -100 - -103. Let t(i) = -i**2 - 3. Determine t(j).
-12
Suppose -3*b + 40 = -5*n + 6, 0 = 4*b + 5*n + 13. Let x(q) = -2*q + 1. What is x(b)?
-5
Suppose b + 1 = -0